{"id":5,"date":"2014-05-30T08:42:12","date_gmt":"2014-05-30T08:42:12","guid":{"rendered":""},"modified":"2026-04-13T16:55:58","modified_gmt":"2026-04-13T16:55:58","slug":"frontpage","status":"publish","type":"page","link":"https:\/\/4pfotenimglueck.de\/","title":{"rendered":"Start"},"content":{"rendered":"\n<figure class=\"wp-block-image size-large\"><img loading=\"lazy\" decoding=\"async\" width=\"1024\" height=\"218\" src=\"https:\/\/4pfotenimglueck.de\/wp-content\/uploads\/2023\/05\/Herz_Hunde-1024x218.png\" alt=\"\" class=\"wp-image-1967\" srcset=\"https:\/\/4pfotenimglueck.de\/wp-content\/uploads\/2023\/05\/Herz_Hunde-1024x218.png 1024w, https:\/\/4pfotenimglueck.de\/wp-content\/uploads\/2023\/05\/Herz_Hunde-300x64.png 300w, https:\/\/4pfotenimglueck.de\/wp-content\/uploads\/2023\/05\/Herz_Hunde-768x163.png 768w, https:\/\/4pfotenimglueck.de\/wp-content\/uploads\/2023\/05\/Herz_Hunde-1536x326.png 1536w, https:\/\/4pfotenimglueck.de\/wp-content\/uploads\/2023\/05\/Herz_Hunde-250x53.png 250w, https:\/\/4pfotenimglueck.de\/wp-content\/uploads\/2023\/05\/Herz_Hunde-1366x290.png 1366w, https:\/\/4pfotenimglueck.de\/wp-content\/uploads\/2023\/05\/Herz_Hunde-480x102.png 480w, https:\/\/4pfotenimglueck.de\/wp-content\/uploads\/2023\/05\/Herz_Hunde.png 1949w\" sizes=\"auto, (max-width: 1024px) 100vw, 1024px\" \/><\/figure>\n\n\n\n<figure class=\"wp-block-image size-full\"><img loading=\"lazy\" decoding=\"async\" width=\"976\" height=\"313\" src=\"https:\/\/4pfotenimglueck.de\/wp-content\/uploads\/2023\/05\/Logo.png\" alt=\"\" class=\"wp-image-1960\" srcset=\"https:\/\/4pfotenimglueck.de\/wp-content\/uploads\/2023\/05\/Logo.png 976w, https:\/\/4pfotenimglueck.de\/wp-content\/uploads\/2023\/05\/Logo-300x96.png 300w, https:\/\/4pfotenimglueck.de\/wp-content\/uploads\/2023\/05\/Logo-768x246.png 768w, https:\/\/4pfotenimglueck.de\/wp-content\/uploads\/2023\/05\/Logo-250x80.png 250w, https:\/\/4pfotenimglueck.de\/wp-content\/uploads\/2023\/05\/Logo-480x154.png 480w\" sizes=\"auto, (max-width: 976px) 100vw, 976px\" \/><\/figure>\n\n\n\n<p class=\"has-text-align-center\"><mark style=\"background-color:rgba(0, 0, 0, 0)\" class=\"has-inline-color has-black-color\"><em>&#8222;Das Gl\u00fcck ist das einzige was sich verdoppelt, wenn man es teilt.&#8220; <\/em><br><em>Albert Schweitzer<\/em><\/mark><\/p>\n\n\n\n<p class=\"has-text-align-center has-vivid-red-color has-text-color\"><strong>Hundephysiotherapie &amp; Osteopathie in und um Kaiserslautern<\/strong><\/p>\n\n\n\n<div class=\"wp-block-group sm-palette-1 sm-color-signal-0 is-content-justification-left is-nowrap is-layout-flex wp-container-core-group-is-layout-f56a869c wp-block-group-is-layout-flex\" style=\"--novablocks-emphasis-top-spacing:1;--novablocks-emphasis-bottom-spacing:-1;--novablocks-block-top-spacing:0;--novablocks-block-bottom-spacing:0;--novablocks-block-zindex:0\" data-palette=\"1\" data-palette-variation=\"1\" data-color-signal=\"0\">\n<div class=\"wp-block-group alignfull sm-palette-1 sm-color-signal-0\" style=\"--novablocks-emphasis-top-spacing:0;--novablocks-emphasis-bottom-spacing:0;--novablocks-block-top-spacing:1;--novablocks-block-bottom-spacing:0;--novablocks-block-zindex:0\" data-palette=\"1\" data-palette-variation=\"1\" data-color-signal=\"0\"><div class=\"wp-block-group__inner-container is-layout-constrained wp-block-group-is-layout-constrained\">\n<div class=\"wp-block-columns alignfull is-layout-flex wp-container-core-columns-is-layout-9d6595d7 wp-block-columns-is-layout-flex\">\n<div class=\"wp-block-column is-layout-flow wp-block-column-is-layout-flow\"><div class=\"wp-block-image\">\n<figure class=\"aligncenter size-large\"><img loading=\"lazy\" decoding=\"async\" width=\"819\" height=\"1024\" src=\"https:\/\/4pfotenimglueck.de\/wp-content\/uploads\/2025\/02\/podcast-819x1024.jpeg\" alt=\"\" class=\"wp-image-2152\" srcset=\"https:\/\/4pfotenimglueck.de\/wp-content\/uploads\/2025\/02\/podcast-819x1024.jpeg 819w, https:\/\/4pfotenimglueck.de\/wp-content\/uploads\/2025\/02\/podcast-240x300.jpeg 240w, https:\/\/4pfotenimglueck.de\/wp-content\/uploads\/2025\/02\/podcast-768x960.jpeg 768w, https:\/\/4pfotenimglueck.de\/wp-content\/uploads\/2025\/02\/podcast-200x250.jpeg 200w, https:\/\/4pfotenimglueck.de\/wp-content\/uploads\/2025\/02\/podcast-614x768.jpeg 614w, https:\/\/4pfotenimglueck.de\/wp-content\/uploads\/2025\/02\/podcast-384x480.jpeg 384w, https:\/\/4pfotenimglueck.de\/wp-content\/uploads\/2025\/02\/podcast.jpeg 1080w\" sizes=\"auto, (max-width: 819px) 100vw, 819px\" \/><\/figure>\n<\/div><\/div>\n\n\n\n<div class=\"wp-block-column is-layout-flow wp-block-column-is-layout-flow\">\n<div class=\"wp-block-columns is-layout-flex wp-container-core-columns-is-layout-9d6595d7 wp-block-columns-is-layout-flex\">\n<div class=\"wp-block-column is-layout-flow wp-block-column-is-layout-flow\" style=\"flex-basis:100%\">\n<figure class=\"wp-block-audio\"><audio controls src=\"https:\/\/4pfotenimglueck.de\/wp-content\/uploads\/2025\/02\/podcast.mp3\"><\/audio><\/figure>\n<\/div>\n<\/div>\n<\/div>\n<\/div>\n<\/div><\/div>\n<\/div>\n\n\n\n        <div\n\t\t\tclass=\"novablocks-u-valign-center novablocks-u-halign-center novablocks-media has-image-on-the-right alignfull\"\n\t\t\tstyle=\"--novablocks-block-top-spacing:0;--novablocks-block-bottom-spacing:0;--novablocks-emphasis-top-spacing:1;--novablocks-emphasis-bottom-spacing:1;--emphasis-area:100;--novablocks-media-content-width:50%;--novablocks-media-gutter:calc( 10 * var(--novablocks-media-spacing) * 5 \/ 100 );--card-content-padding: 100;\"\n\t\t\tdata-media-position='right' data-style-preset='just-my-style' data-defaults-generated='1' data-block-top-spacing='0' data-emphasis-top-spacing='1' data-emphasis-bottom-spacing='1' data-blobs-enable-mask='' data-blob-sides='3' data-blob-pattern-seed='3' data-blob-complexity='0' data-blob-smoothness='33' data-blob-rotation='0' data-blobs-enable-decoration='' data-blob-mask-sides='3' data-blob-mask-pattern-seed='3' data-blob-mask-complexity='0' data-blob-mask-smoothness='33' data-blob-mask-rotation='0' data-blobs-size-balance='50' data-blobs-horizontal-displacement='50' data-blobs-vertical-displacement='50' data-size-contrast='0' data-position-shift='0' data-elements-distance='20' data-placement-variation='25' data-image-rotation='0' data-image-resizing='cropped' data-container-height='50' data-object-position='50' data-level='2' data-card-title-level='3' data-collection-title-level='2' data-card-media-opacity='100' data-metadata-position='above-title' data-thumbnail-aspect-ratio-string='landscape' data-thumbnail-aspect-ratio='50' data-image-padding='0' data-content-padding='100' data-palette='1' data-palette-variation='1' data-use-source-color-as-reference='' data-color-signal='0' data-content-color-signal='0' data-content-position='center center' data-emphasis-by-space='1' data-enable-overlapping='' data-block-bottom-spacing='0' data-layout-gutter='10' data-balance-emphasis='0' data-balance-focal-point='content' data-content-area-width='50' data-content-style='moderate' data-layout-preset='stable' data-upgraded-to-moderate='' data-template-inserted='' data-emphasis-area='100'\t\t>\n            <div class=\"content-is-moderate novablocks-block sm-palette-1 sm-variation-1 sm-variation-1@below-tablet\">\n\t            <div class=\"wp-block-group__inner-container\">\n\t\t            <div class=\"wp-block alignwide\">\n\t\t                <div class=\"novablocks-media__layout\">\n\t\t\t\t\t\t\t\t\t\t\t\t\t\t\t<div class=\"novablocks-media__content\">\n\t\t\t\t\t\t\t\t\t<div class=\"novablocks-media__inner-container novablocks-block__content sm-palette-1 sm-variation-1\">\n\t\t\t\t\t\t\t\t\t\t\n\n<h2 class=\"wp-block-novablocks-headline c-headline has-text-align-center has-larger-font-size\"><span class=\"c-headline__secondary\">Herzlich<\/span> <span class=\"c-headline__primary\">Willkommen<\/span><\/h2>\n\n\n\t\t\t<div class=\"wp-block-separator \">\n                \n        <div class=\"c-separator\">\n            <div class=\"c-separator__arrow c-separator__arrow--left\"><\/div>\n            <div class=\"c-separator__line c-separator__line--left\"><\/div>\n            <div class=\"c-separator__symbol\">\n                <span><svg width=\"31\" height=\"20\" viewBox=\"0 0 31 20\" fill=\"none\" xmlns=\"http:\/\/www.w3.org\/2000\/svg\"><path d=\"M30.721 6.3114c0 .599-.2647 1.1494-.7941 1.651-.5155.5016-1.2679.8777-2.2571 1.1285-5.6984 1.4768-8.7774 2.2153-9.2372 2.2153-.5434 0-.815-.1394-.815-.418 0-.2229.3204-.5294.9613-.9195.2647-.1672 1.1842-.6758 2.7586-1.5257 2.9816-1.6161 4.5072-2.4381 4.5768-2.466 1.3375-.6548 2.4243-.9822 3.2602-.9822 1.031 0 1.5465.4389 1.5465 1.3166zm-4.8485-3.1766c0 .4598-.3553 1.0031-1.0658 1.63-.3901.3345-1.3654 1.059-2.9258 2.1735-2.9676 2.1178-4.6604 3.1766-5.0784 3.1766-.209 0-.3762-.1393-.5016-.418l.2508-.585c.836-.8639 1.7346-1.8531 2.696-2.9677 1.0309-1.1982 1.637-1.8948 1.8181-2.0899 1.4908-1.5743 2.7796-2.3615 3.8663-2.3615.6269 0 .9404.4807.9404 1.442zm-9.0073-.9613c0 .195-.0975.7035-.2926 1.5256l-.7523 2.8422c-.2926 1.0867-.4668 1.9854-.5225 2.6959-.0279.404-.0627.6548-.1045.7523-.0418.1394-.1393.209-.2926.209-.1532 0-.2508-.0627-.2926-.1881 0-.0139-.0278-.195-.0835-.5433-.1394-.8499-.418-2.2292-.836-4.138-.3204-1.4071-.4807-2.4103-.4807-3.0094 0-.7105.1812-1.2748.5434-1.6927.3762-.418.8638-.627 1.4629-.627.4737 0 .8638.209 1.1703.627.3205.404.4807.9195.4807 1.5465zm-3.2602 7.9414c0 .2787-.1463.418-.4389.418-.1253 0-.5782-.3065-1.3584-.9195-.9334-.7245-2.0202-1.658-3.2602-2.8004a185.9607 185.9607 0 0 1-2.4451-2.2362c-.5852-.599-.8777-1.1634-.8777-1.6928 0-.404.1462-.7593.4388-1.0658.3065-.3065.6827-.4598 1.1286-.4598.6966 0 1.3305.3135 1.9017.9404.2648.2787.8011 1.052 1.6092 2.3198 2.2014 3.4134 3.302 5.2456 3.302 5.4963zm3.9081 3.4065c0 .5155-.209.9265-.627 1.233-.3065.209-.6061.411-.8986.6061-.209.2508-.3135 1.1982-.3135 2.8422 0 .6688-.0209 1.1146-.0627 1.3375-.0697.3065-.216.4598-.4389.4598-.195 0-.3135-.3622-.3553-1.0867-.0975-1.853-.1672-2.9955-.209-3.4274-.4597-.3344-.8289-.7245-1.1076-1.1703-.2229-.3762-.3344-.6827-.3344-.9196 0-.5573.2021-1.0449.6061-1.4629.418-.4319.8917-.6478 1.4211-.6478.6688 0 1.2191.2159 1.651.6478.4458.4319.6688.9614.6688 1.5883zm-5.2874-2.2361c0 .2925-.1184.4388-.3553.4388-.2368 0-.7036-.1184-1.4002-.3552a545.5275 545.5275 0 0 0-2.5705-.8778C4.8764 9.488 2.9119 8.7565 2.0063 8.2968.6688 7.614 0 6.8478 0 5.9979c0-.8917.627-1.3375 1.8809-1.3375.5015 0 1.3862.3901 2.6541 1.1703 1.0031.627 2.6193 1.7416 4.8485 3.3438.1672.1115.8568.5852 2.069 1.4211.5155.3483.7732.5782.7732.6897z\" fill=\"currentColor\"\/><\/svg>\n<\/span>\n            <\/div>\n            <div class=\"c-separator__line c-separator__line--right\"><\/div>\n            <div class=\"c-separator__arrow c-separator__arrow--right\"><\/div>\n        <\/div>\n\t\t\t\t\t<\/div>\n\t\t\n\n\n<p class=\"has-text-align-center\">Ich bin Sandra Nawa, zertifizierte Hundephysiotherapeutin und Osteopathin.<\/p>\n\n\n\n<p class=\"has-text-align-center\">Seit 2022 behandle ich Hunde mit orthop\u00e4dischen und neurologischen Beschwerden \u2013 gezielt, individuell und mit einem klaren Ziel: nachhaltige Verbesserung statt kurzfristiger Effekte.<\/p>\n\n\n\n<p class=\"has-text-align-center\">In meiner Praxis in Kaiserslautern arbeite ich mit einer Kombination aus aktiver Physiotherapie, osteopathischen Techniken und funktionellem Training. Dazu geh\u00f6rt auch ein Unterwasserlaufband f\u00fcr gelenkschonenden Muskelaufbau und Rehabilitation.<\/p>\n\n\n\n<p class=\"has-text-align-center\">Mir ist wichtig, nicht nur Symptome zu behandeln, sondern die Ursache von Schmerzen und Bewegungsproblemen zu verstehen und gezielt zu therapieren.<\/p>\n\n\n\n<p class=\"has-text-align-center\">Jeder Hund bringt seine eigene Geschichte mit \u2013 und genau so individuell ist auch meine Behandlung.<\/p>\n\n\n\n<p class=\"has-text-align-center\">Sie k\u00f6nnen mich <a href=\"https:\/\/4pfotenimglueck.de\/index.php\/contact\/\">telefonisch oder per Mail<\/a> erreichen.<\/p>\n\n\t\t\t\t\t\t\t\t\t<\/div>\n\t\t\t\t\t\t\t\t<\/div>\n\t\t\t\t\t\t\t\t\t                    <div class=\"novablocks-media__aside\">\n\t\t\t                    <div class=\"novablocks-advanced-gallery\" data-media-position='right' data-style-preset='just-my-style' data-defaults-generated='1' data-block-top-spacing='0' data-emphasis-top-spacing='1' data-emphasis-bottom-spacing='1' data-blobs-enable-mask='' data-blob-sides='3' data-blob-pattern-seed='3' data-blob-complexity='0' data-blob-smoothness='33' data-blob-rotation='0' data-blobs-enable-decoration='' data-blob-mask-sides='3' data-blob-mask-pattern-seed='3' data-blob-mask-complexity='0' data-blob-mask-smoothness='33' data-blob-mask-rotation='0' data-blobs-size-balance='50' data-blobs-horizontal-displacement='50' data-blobs-vertical-displacement='50' data-size-contrast='0' data-position-shift='0' data-elements-distance='20' data-placement-variation='25' data-image-rotation='0' data-image-resizing='cropped' data-container-height='50' data-object-position='50' data-level='2' data-card-title-level='3' data-collection-title-level='2' data-card-media-opacity='100' data-metadata-position='above-title' data-thumbnail-aspect-ratio-string='landscape' data-thumbnail-aspect-ratio='50' data-image-padding='0' data-content-padding='100' data-palette='1' data-palette-variation='1' data-use-source-color-as-reference='' data-color-signal='0' data-content-color-signal='0' data-content-position='center center' data-emphasis-by-space='1' data-enable-overlapping='' data-block-bottom-spacing='0' data-layout-gutter='10' data-balance-emphasis='0' data-balance-focal-point='content' data-content-area-width='50' data-content-style='moderate' data-layout-preset='stable' data-upgraded-to-moderate='' data-template-inserted='' data-emphasis-area='100' style=\"--novablocks-advanced-gallery-aspect-ratio: 100%\"><div class=\"novablocks-advanced-gallery__grid\"><div class=\"novablocks-advanced-gallery__grid-item\"><div class=\"novablocks-advanced-gallery__grid-item-media\"><img decoding=\"async\" class=\"novablocks-advanced-gallery__image\" src=\"https:\/\/4pfotenimglueck.de\/wp-content\/uploads\/2026\/04\/IMG_7372-1366x1366.jpg\" \/><\/div><\/div><\/div><\/div>\t\t                    <\/div>\n\t\t                <\/div>\n\t\t            <\/div>\n\t            <\/div>\n            <\/div>\n        <\/div>\n\n\t\t\n\n\n<p class=\"has-text-align-center\">Unser Hund ist nicht nur ein Hund, sondern sehr viel mehr als das. Er ist ein vollwertiges Familienmitglied, Feel Good Manager, Seelenfreund und Tr\u00f6ster. Er begleitet uns auf all unseren Wegen und schenkt uns seine bedingungslose Liebe.<\/p>\n\n\n\n<p class=\"has-text-align-center\">Leider k\u00f6nnen unsere Fellkinder, nicht mit uns sprechen und uns ihre Wehwehchen mitteilen im Gegenteil, unser Hund versucht sie so lange wie m\u00f6glich vor uns zu verbergen. Es gilt ihre Gesundheit genau zu beobachten und bereits kleine Ver\u00e4nderungen zu erkennen, um gr\u00f6sseren Schaden abzuwenden oder eine chronische Erkrankung heraus zu z\u00f6gern.<\/p>\n\n\n\n<p class=\"has-text-align-center\">Selbstverst\u00e4ndlich geh\u00f6rt es auch dazu, akute Beschwerden zu behandeln oder Ihrem Hund nach Operationen rund um den Bewegungsapparat wieder auf die Beine zu helfen.<\/p>\n\n\n\n<p class=\"has-text-align-center\">Mit meiner umfangreichen Ausbildung m\u00f6chte ich Sie und Ihren Hund gerne auf diesem Weg begleiten und unterst\u00fctzen, um seine Gesundheit positiv zu beeinflussen.<\/p>\n\n\n\n<p class=\"has-text-align-center\">Die Physiotherapie f\u00fcr Hunde ist eine erg\u00e4nzende Therapie und begleitet die tier\u00e4rztliche Behandlung.&nbsp;<strong>Meine Therapie unterst\u00fctzt die Arbeit des Tierarztes, ersetzt diese aber nicht!<\/strong><\/p>\n\n\n\n<p><\/p>\n","protected":false},"excerpt":{"rendered":"<p>&#8222;Das Gl\u00fcck ist das einzige was sich verdoppelt, wenn man es teilt.&#8220; Albert Schweitzer Hundephysiotherapie &amp; Osteopathie in und um Kaiserslautern Unser Hund ist nicht [&hellip;]<\/p>\n","protected":false},"author":2,"featured_media":0,"parent":0,"menu_order":0,"comment_status":"closed","ping_status":"closed","template":"","meta":{"novablocks_hero_scroll_indicator":true,"novablocks_hero_position_indicators":true,"footnotes":""},"class_list":["post-5","page","type-page","status-publish","hentry"],"yoast_head":"<!-- This site is optimized with the Yoast SEO plugin v27.5 - https:\/\/yoast.com\/product\/yoast-seo-wordpress\/ -->\n<title>4 Pfoten im Gl\u00fcck<\/title>\n<meta name=\"description\" content=\"4 Pfoten im Gl\u00fcck - Mobile Hundephysiotherapie &amp; Osteopathie in und um Kaiserslautern\" \/>\n<meta name=\"robots\" content=\"index, follow, max-snippet:-1, max-image-preview:large, max-video-preview:-1\" \/>\n<link rel=\"canonical\" href=\"https:\/\/4pfotenimglueck.de\/\" \/>\n<meta property=\"og:locale\" content=\"de_DE\" \/>\n<meta property=\"og:type\" content=\"article\" \/>\n<meta property=\"og:title\" content=\"4 Pfoten im Gl\u00fcck\" \/>\n<meta property=\"og:description\" content=\"4 Pfoten im Gl\u00fcck - Mobile Hundephysiotherapie &amp; Osteopathie in und um Kaiserslautern\" \/>\n<meta property=\"og:url\" content=\"https:\/\/4pfotenimglueck.de\/\" \/>\n<meta property=\"og:site_name\" content=\"4 Pfoten im Gl\u00fcck\" \/>\n<meta property=\"article:publisher\" content=\"https:\/\/www.facebook.com\/4PfotenimGlueck\" \/>\n<meta property=\"article:modified_time\" content=\"2026-04-13T16:55:58+00:00\" \/>\n<meta property=\"og:image\" content=\"https:\/\/4pfotenimglueck.de\/wp-content\/uploads\/2023\/05\/Herz_Hunde-1024x218.png\" \/>\n<meta name=\"twitter:card\" content=\"summary_large_image\" \/>\n<meta name=\"twitter:label1\" content=\"Gesch\u00e4tzte Lesezeit\" \/>\n\t<meta name=\"twitter:data1\" content=\"3\u00a0Minuten\" \/>\n<script type=\"application\/ld+json\" class=\"yoast-schema-graph\">{\"@context\":\"https:\\\/\\\/schema.org\",\"@graph\":[{\"@type\":\"WebPage\",\"@id\":\"https:\\\/\\\/4pfotenimglueck.de\\\/\",\"url\":\"https:\\\/\\\/4pfotenimglueck.de\\\/\",\"name\":\"4 Pfoten im Gl\u00fcck\",\"isPartOf\":{\"@id\":\"https:\\\/\\\/4pfotenimglueck.de\\\/#website\"},\"primaryImageOfPage\":{\"@id\":\"https:\\\/\\\/4pfotenimglueck.de\\\/#primaryimage\"},\"image\":{\"@id\":\"https:\\\/\\\/4pfotenimglueck.de\\\/#primaryimage\"},\"thumbnailUrl\":\"https:\\\/\\\/4pfotenimglueck.de\\\/wp-content\\\/uploads\\\/2023\\\/05\\\/Herz_Hunde-1024x218.png\",\"datePublished\":\"2014-05-30T08:42:12+00:00\",\"dateModified\":\"2026-04-13T16:55:58+00:00\",\"description\":\"4 Pfoten im Gl\u00fcck - Mobile Hundephysiotherapie & Osteopathie in und um Kaiserslautern\",\"breadcrumb\":{\"@id\":\"https:\\\/\\\/4pfotenimglueck.de\\\/#breadcrumb\"},\"inLanguage\":\"de\",\"potentialAction\":[{\"@type\":\"ReadAction\",\"target\":[\"https:\\\/\\\/4pfotenimglueck.de\\\/\"]}]},{\"@type\":\"ImageObject\",\"inLanguage\":\"de\",\"@id\":\"https:\\\/\\\/4pfotenimglueck.de\\\/#primaryimage\",\"url\":\"https:\\\/\\\/4pfotenimglueck.de\\\/wp-content\\\/uploads\\\/2023\\\/05\\\/Herz_Hunde.png\",\"contentUrl\":\"https:\\\/\\\/4pfotenimglueck.de\\\/wp-content\\\/uploads\\\/2023\\\/05\\\/Herz_Hunde.png\",\"width\":1949,\"height\":414},{\"@type\":\"BreadcrumbList\",\"@id\":\"https:\\\/\\\/4pfotenimglueck.de\\\/#breadcrumb\",\"itemListElement\":[{\"@type\":\"ListItem\",\"position\":1,\"name\":\"Startseite\",\"item\":\"https:\\\/\\\/4pfotenimglueck.de\\\/\"},{\"@type\":\"ListItem\",\"position\":2,\"name\":\"Start\"}]},{\"@type\":\"WebSite\",\"@id\":\"https:\\\/\\\/4pfotenimglueck.de\\\/#website\",\"url\":\"https:\\\/\\\/4pfotenimglueck.de\\\/\",\"name\":\"4 Pfoten im Gl\u00fcck\",\"description\":\"Mobile Hundephysiotherapie &amp; Osteopathie in und um Kaiserslautern\",\"publisher\":{\"@id\":\"https:\\\/\\\/4pfotenimglueck.de\\\/#organization\"},\"potentialAction\":[{\"@type\":\"SearchAction\",\"target\":{\"@type\":\"EntryPoint\",\"urlTemplate\":\"https:\\\/\\\/4pfotenimglueck.de\\\/?s={search_term_string}\"},\"query-input\":{\"@type\":\"PropertyValueSpecification\",\"valueRequired\":true,\"valueName\":\"search_term_string\"}}],\"inLanguage\":\"de\"},{\"@type\":\"Organization\",\"@id\":\"https:\\\/\\\/4pfotenimglueck.de\\\/#organization\",\"name\":\"4 Pfoten im Gl\u00fcck\",\"url\":\"https:\\\/\\\/4pfotenimglueck.de\\\/\",\"logo\":{\"@type\":\"ImageObject\",\"inLanguage\":\"de\",\"@id\":\"https:\\\/\\\/4pfotenimglueck.de\\\/#\\\/schema\\\/logo\\\/image\\\/\",\"url\":\"https:\\\/\\\/4pfotenimglueck.de\\\/wp-content\\\/uploads\\\/2023\\\/05\\\/Logo.png\",\"contentUrl\":\"https:\\\/\\\/4pfotenimglueck.de\\\/wp-content\\\/uploads\\\/2023\\\/05\\\/Logo.png\",\"width\":976,\"height\":313,\"caption\":\"4 Pfoten im Gl\u00fcck\"},\"image\":{\"@id\":\"https:\\\/\\\/4pfotenimglueck.de\\\/#\\\/schema\\\/logo\\\/image\\\/\"},\"sameAs\":[\"https:\\\/\\\/www.facebook.com\\\/4PfotenimGlueck\",\"https:\\\/\\\/instagram.com\\\/4PfotenimGlueck\\\/\"]}]}<\/script>\n<!-- \/ Yoast SEO plugin. -->","yoast_head_json":{"title":"4 Pfoten im Gl\u00fcck","description":"4 Pfoten im Gl\u00fcck - Mobile Hundephysiotherapie & Osteopathie in und um Kaiserslautern","robots":{"index":"index","follow":"follow","max-snippet":"max-snippet:-1","max-image-preview":"max-image-preview:large","max-video-preview":"max-video-preview:-1"},"canonical":"https:\/\/4pfotenimglueck.de\/","og_locale":"de_DE","og_type":"article","og_title":"4 Pfoten im Gl\u00fcck","og_description":"4 Pfoten im Gl\u00fcck - Mobile Hundephysiotherapie & Osteopathie in und um Kaiserslautern","og_url":"https:\/\/4pfotenimglueck.de\/","og_site_name":"4 Pfoten im Gl\u00fcck","article_publisher":"https:\/\/www.facebook.com\/4PfotenimGlueck","article_modified_time":"2026-04-13T16:55:58+00:00","og_image":[{"url":"https:\/\/4pfotenimglueck.de\/wp-content\/uploads\/2023\/05\/Herz_Hunde-1024x218.png","type":"","width":"","height":""}],"twitter_card":"summary_large_image","twitter_misc":{"Gesch\u00e4tzte Lesezeit":"3\u00a0Minuten"},"schema":{"@context":"https:\/\/schema.org","@graph":[{"@type":"WebPage","@id":"https:\/\/4pfotenimglueck.de\/","url":"https:\/\/4pfotenimglueck.de\/","name":"4 Pfoten im Gl\u00fcck","isPartOf":{"@id":"https:\/\/4pfotenimglueck.de\/#website"},"primaryImageOfPage":{"@id":"https:\/\/4pfotenimglueck.de\/#primaryimage"},"image":{"@id":"https:\/\/4pfotenimglueck.de\/#primaryimage"},"thumbnailUrl":"https:\/\/4pfotenimglueck.de\/wp-content\/uploads\/2023\/05\/Herz_Hunde-1024x218.png","datePublished":"2014-05-30T08:42:12+00:00","dateModified":"2026-04-13T16:55:58+00:00","description":"4 Pfoten im Gl\u00fcck - Mobile Hundephysiotherapie & Osteopathie in und um Kaiserslautern","breadcrumb":{"@id":"https:\/\/4pfotenimglueck.de\/#breadcrumb"},"inLanguage":"de","potentialAction":[{"@type":"ReadAction","target":["https:\/\/4pfotenimglueck.de\/"]}]},{"@type":"ImageObject","inLanguage":"de","@id":"https:\/\/4pfotenimglueck.de\/#primaryimage","url":"https:\/\/4pfotenimglueck.de\/wp-content\/uploads\/2023\/05\/Herz_Hunde.png","contentUrl":"https:\/\/4pfotenimglueck.de\/wp-content\/uploads\/2023\/05\/Herz_Hunde.png","width":1949,"height":414},{"@type":"BreadcrumbList","@id":"https:\/\/4pfotenimglueck.de\/#breadcrumb","itemListElement":[{"@type":"ListItem","position":1,"name":"Startseite","item":"https:\/\/4pfotenimglueck.de\/"},{"@type":"ListItem","position":2,"name":"Start"}]},{"@type":"WebSite","@id":"https:\/\/4pfotenimglueck.de\/#website","url":"https:\/\/4pfotenimglueck.de\/","name":"4 Pfoten im Gl\u00fcck","description":"Mobile Hundephysiotherapie &amp; Osteopathie in und um Kaiserslautern","publisher":{"@id":"https:\/\/4pfotenimglueck.de\/#organization"},"potentialAction":[{"@type":"SearchAction","target":{"@type":"EntryPoint","urlTemplate":"https:\/\/4pfotenimglueck.de\/?s={search_term_string}"},"query-input":{"@type":"PropertyValueSpecification","valueRequired":true,"valueName":"search_term_string"}}],"inLanguage":"de"},{"@type":"Organization","@id":"https:\/\/4pfotenimglueck.de\/#organization","name":"4 Pfoten im Gl\u00fcck","url":"https:\/\/4pfotenimglueck.de\/","logo":{"@type":"ImageObject","inLanguage":"de","@id":"https:\/\/4pfotenimglueck.de\/#\/schema\/logo\/image\/","url":"https:\/\/4pfotenimglueck.de\/wp-content\/uploads\/2023\/05\/Logo.png","contentUrl":"https:\/\/4pfotenimglueck.de\/wp-content\/uploads\/2023\/05\/Logo.png","width":976,"height":313,"caption":"4 Pfoten im Gl\u00fcck"},"image":{"@id":"https:\/\/4pfotenimglueck.de\/#\/schema\/logo\/image\/"},"sameAs":["https:\/\/www.facebook.com\/4PfotenimGlueck","https:\/\/instagram.com\/4PfotenimGlueck\/"]}]}},"_links":{"self":[{"href":"https:\/\/4pfotenimglueck.de\/index.php\/wp-json\/wp\/v2\/pages\/5","targetHints":{"allow":["GET"]}}],"collection":[{"href":"https:\/\/4pfotenimglueck.de\/index.php\/wp-json\/wp\/v2\/pages"}],"about":[{"href":"https:\/\/4pfotenimglueck.de\/index.php\/wp-json\/wp\/v2\/types\/page"}],"author":[{"embeddable":true,"href":"https:\/\/4pfotenimglueck.de\/index.php\/wp-json\/wp\/v2\/users\/2"}],"replies":[{"embeddable":true,"href":"https:\/\/4pfotenimglueck.de\/index.php\/wp-json\/wp\/v2\/comments?post=5"}],"version-history":[{"count":50,"href":"https:\/\/4pfotenimglueck.de\/index.php\/wp-json\/wp\/v2\/pages\/5\/revisions"}],"predecessor-version":[{"id":2177,"href":"https:\/\/4pfotenimglueck.de\/index.php\/wp-json\/wp\/v2\/pages\/5\/revisions\/2177"}],"wp:attachment":[{"href":"https:\/\/4pfotenimglueck.de\/index.php\/wp-json\/wp\/v2\/media?parent=5"}],"curies":[{"name":"wp","href":"https:\/\/api.w.org\/{rel}","templated":true}]}}